 (16 + -5 - -1) + -5?
2
Evaluate (-1 + 3 - 4) + (-3 - -1).
-4
What is (11 - (8 + -3) - 3) + 2?
5
What is the value of 2 + -2 + (0 - (-1 + 2))?
-1
Evaluate (7 - (3 - -1 - 3)) + -10.
-4
4 + -2 - (2 - -2) - -2
0
Evaluate 26 + -16 + (-7 - -1).
4
Calculate 21 - (1 - (1 + -13)).
8
Calculate (-1 - 0) + -3 + 1 + 1.
-2
Calculate -2 + 0 + 0 - (-47 - -51).
-6
0 - (-6 + 5 + -2)
3
What is -5 - (-55 - -51 - (1 + 7))?
7
What is (-2 - -4) + (-4 - 0) + 4?
2
Evaluate 2 + 1 - (12 - 17).
8
What is the value of (5 - 0) + -3 - -3?
5
What is 10 - (-2 - -5) - (3 + -2)?
6
Evaluate (-4 - 1) + (-4 - -9) - -5.
5
(-4 - (1 - 2)) + (34 - 31)
0
What is -1 + 7 - 2 - (85 - 87)?
6
Calculate -2 + (-1 - -1) + 3.
1
What is the value of (6 + -3 - (8 + -6)) + 2?
3
Calculate 3 + -4 - (-1 + -3).
3
Evaluate 1 + 0 + -17 + 18.
2
What is -2 + (2 + -3 + -2 - -5)?
0
Evaluate -108 + 114 + (-13 - -2).
-5
What is the value of 5 - (8 - (2 + 2))?
1
What is (-1 + 15 - 11) + 1 + 5?
9
Calculate 2 - (2 - 3) - (-31 - -34).
0
Evaluate 1 + -4 - -4 - (2 - 3).
2
(6 - 2) + (5 - (10 - -4))
-5
(0 - -2) + -13 + 15
4
Calculate 3 - (-3 - -1 - -1) - 0.
4
Calculate 9 + -9 + -9 + 9.
0
Calculate -2 + (-1 - (0 + -2)).
-1
What is the value of 0 + 3 + (13 - 17)?
-1
What is the value of (41 - 44) + (0 - -8)?
5
1 + -8 + (9 - 3)
-1
What is the value of -2 - 0 - ((4 - 5) + 0)?
-1
What is the value of -1 - 6 - (12 - 18) - -8?
7
What is the value of 0 + -8 + 12 + -7?
-3
What is the value of (9 - 7) + 1 + -4?
-1
What is 3 + -1 - (15 - 18)?
5
Calculate 9 + (3 - -4) + (-13 - -2).
5
(-4 - -2) + -7 + 7 + -3
-5
10 + -9 + (-1 + -2 - -2)
0
-3 + (0 - ((-2 - -3) + -3))
-1
Evaluate 0 - 0 - ((-11 - -4) + 4).
3
What is -1 - (-2 + 2) - (-5 + 2)?
2
What is -6 + -5 + 8 - -13?
10
What is 7 + -4 - (-2 + 3)?
2
Calculate (5 - 1) + -2 + -1.
1
Evaluate -4 - (-3 - -2) - (0 - -1).
-4
Calculate 6 + (-11 - (2 - (0 + 6))).
-1
What is 12 - -1 - (34 - 27)?
6
What is 9 - (-6 + -3 + 11)?
7
Evaluate -4 + 2 + 2 + -1 + 2.
1
What is 3 + (4 - 4) + 2 + -3?
2
What is (-3 + 7 - 4) + -2 + 1?
-1
What is (0 - -2) + (-8 - -1)?
-5
Evaluate 3 + 1 - (14 + -8 - 3).
1
2 + -2 - (6 + -10)
4
Evaluate 2 + (5 - -4) - 13.
-2
(-2 - (-2 - 2 - -1)) + -4
-3
14 - (39 - 13) - -9
-3
Evaluate 6 + -2 + 2 + -8.
-2
Calculate 1 - 2 - (5 - 11 - -3).
2
What is 0 + (7 - (3 + -1)) + -2?
3
(-2 - 2) + (-2 - -6)
0
Calculate -4 + 4 + -1 + -7 + 4.
-4
Calculate -13 + 26 - 7 - (-1 + -3).
10
Evaluate 0 + -1 + (-2 - -2).
-1
4 + -13 - -8 - -5
4
What is the value of 1 - 9 - (20 + -23)?
-5
What is (1 - -1) + -4 + -2?
-4
Calculate 2 + 3 + -5 - (-4 + 0).
4
-1 + (-6 - -8) - (9 - 12)
4
-6 + 1 - -5 - -1
1
What is (-14 - -15) + (1 - 3)?
-1
Evaluate 3 + -5 - ((-2 - 1) + 2).
-1
What is 4 - (-2 + 1 + (-6 - -9))?
2
What is the value of 1 + (1 - -4) + (-29 - -25)?
2
-2 - (-5 - -5 - 1)
-1
Evaluate 7 + -7 - -2 - (1 + -3).
4
Calculate (-1 - 1) + 1 + 16 + -14.
1
What is the value of (-5 - -16 - 6) + 0?
5
What is (2 + 2 - (2 - -1)) + 3?
4
Evaluate -1 + 0 + (1 - -4).
4
What is 0 - -3 - (-1 - (8 + -12))?
0
What is (8 - 15 - 2) + 8?
-1
Evaluate 24 + -24 + 3 + -5.
-2
What is -7 + 3 + 9 + (2 - 8)?
-1
What is the value of -2 + (7 - 11) + 2?
-4
Evaluate -10 + 0 + -1 + -67 + 71.
-7
5 + -5 + 8 + -7 + 8
9
Calculate (2 - (-1 - -4)) + 5 - -5.
9
2 - -3 - (2 - (-3 - -1))
1
Evaluate (-5 - -1 - 0) + 3.
-1
What is 3 - (-7 + 13 - -1)?
-4
What is (-15 - -9) + 20 - 9?
5
Evaluate 2 + 1 + (4 - 11).
-4
Calculate 0 - ((1 - 0) + -46 + 47).
-2
Calculate 2 + (-4 - 1) - (-9 + -1).
7
What is the value of -30 - -36 - (0 + 1) - -5?
10
What is the value of -99 + 94 + 9 + 0?
4
143 + -152 + (1 - 0)
-8
Evaluate -3 + 1 + 0 + 6.
4
Calculate (0 + 1 - (0 + 4)) + 2.
-1
-8 + 24 + 6 + -14
8
Evaluate 1 - (1 - 3) - (6 + -7).
4
Evaluate 4 + 5 - 1 - 10.
-2
Calculate 0 - ((-1 - (-5 - 0)) + -8).
4
What is -9 + 2 - (1 - 8)?
0
Calculate (1 - -4) + 1 + (-1 - 2).
3
What is the value of 6 + (-5 - -3) - 8?
-4
What is the value of -9 + -5 + 6 + 5?
-3
What is the value of -1 + -1 - (-8 - (-17 + 9))?
-2
What is the value of -1 + 1 + (0 - (4 + -6))?
2
Calculate -14 + 6 + 26 + -9.
9
1 - (0 + 9) - -1
-7
Evaluate 4 - (-3 - (-1 - 5)) - 3.
-2
What is (-1 - (3 - 3)) + -2 + 0?
-3
What is the value of (0 - -7) + (4 + -3 - 3)?
5
What is the value of 20 - 14 - (1 + 13)?
-8
What is -12 + -1 - (-37 + 27)?
-3
What is 3 - (1 + (6 - (-6 - -8)))?
-2
Evaluate -7 - (-25 + 11 + 0).
7
What is -7 - -17 - 16 - (0 - 1)?
-5
Calculate -2 - (6 - ((-7 - -8) + 1)).
-6
What is 0 + 1 + -57 + 54?
-2
Calculate -2 + 0 + 1 + 1.
0
Evaluate 5 + (-25 - -7 - -7) + 8.
2
-2 + 0 + (3 - (-9 + 10))
0
What is -4 + 1 + 2 + (-35 - -38)?
2
What is the value of (2 + -2 - 1) + (-7 - -5)?
-3
Evaluate 8 - (15 - (17 + -7)).
3
Calculate -5 - 0 - -4 - 0.
-1
Evaluate -5 - -3 - (-13 - -3 - -9).
-1
What is the value of -1 + 7 + -10 + 18 + -12?
2
What is the value of 14 - (3 - -4) - 14?
-7
Calculate (0 - 6) + 0 + 12 + -11.
-5
Calculate 3 + -3 + (-2 - (1 + -2)).
-1
What is 5 + -5 + -4 + 9?
5
What is the value of (-1 - 2) + (-55 - -55)?
-3
-5 + 2 + -1 + (12 - 2)
6
What is -4 - (-3 + -1 + 0)?
0
What is the value of 7 + 0 + -3 + -1?
3
What is -6 + -4 - -4 - -3?
-3
-27 - -24 - (-8 - -1)
4
Calculate 0 + 4 + 0 + (-9 - -3).
-2
-5 + 2 - (6 + -10)
1
Calculate -2 - (-1 + -7 + 10).
-4
What is the value of -7 - (-2 + 0) - (1 + -4)?
-2
Evaluate (1 - -3) + -4 + 8 + -4.
4
What is 3 + (-5 + 5 - -2) + -5?
0
Evaluate 0 + 5 + -7 + -1 + -1.
-4
What is the value of (-3 - -1) + (-7 - -8) + -1?
-2
What is 6 - (2 - -7 - 5)?
2
(2 + 1 - -1) + (-7 - -4)
1
Evaluate -7 + (2 - 0 - (30 + -28)).
-7
-11 - -2 - -8 - 2
-3
Evaluate 1 - ((0 - 3) + 5).
-1
Calculate -6 - -15 - (4 - -2).
3
What is the value of 14 - ((-1 - -1) + (-34 - -39))?
9
What is (14 - 11) + (-2 + 1 - 3)?
-1
What is 0 + -7 + 4 + -3?
-6
What is the value of 1 + (10 - (20 + -9))?
0
What is the value of -6 + -1 + (-1 - -4) + 4?
0
Calculate (-7 - -1) + (-2 - (-2 + -3)).
-3
Calculate (2 - (3 + -2)) + 1 - 2.
0
-6 - (-1 - (3 - 1))
-3
Evaluate 6 + 10 - 19 - (1 + -2).
-2
-3 + 2 + -5 - -8
2
What is -1 - (-9 + 0 + -1 + 9)?
0
1 - (0 - (3 - 3)) - 1
0
Evaluate -1 - (1 + 2 + -2 + -1).
-1
Calculate (-80 - -82) + -2 + 2.
2
(-13 + 6 - -7) + -10
-10
What is (-8 - -4) + -2 + (4 - 1)?
-3
What is the value of (1 - -8) + (52 - 58)?
3
Calculate -13 - (-24 + 5 - -11).
-5
What is 7 - 10 - 0 - -1?
-2
16 + -9 - (6 - 2)
3
What is 0 - (2 - 2) - (-7 - -4)?
3
What is -3 - (-3 + (1 - 0))?
-1
Evaluate 1 + -8 + 0 - (-8 + 4).
-3
Calculate -11 - 0 - (27 - 34) - 0.
-4
What is (-6 - -10) + (-3 + 3 - -1)?
5
Evaluate -9 + 0 + 7 + -2.
-4
What is the value of 4 + -2 + (11 - 11) - -8?
10
Calculate 4 + -3 - (0 + 2 - 6).
5
What is the value of -1 + 13 + (-14 - -7)?
5
Evaluate 13 + (19 + -6 - 22).
4
What is the value of (-6 - -4 - 1) + -2?
-5
What is the value of 2 + 6 + -12 + -5?
-9
11 + -4 + -14 - (-3 + -5)
1
11 - 9 - (-3 - -1) - -2
6
Evaluate (-23 - -32) + -6 + -1 + 0.
2
What is the value of 1 - 4 - 4 - -6?
-1
Evaluate -3 + (1 - ((0 - 2) + -4)).
4
What is the value of 7 - 10 - 9 - (1 + -6)?
-7
Calculate -10 - (4 - (14 - -1 - 5)).
-4
Evaluate 6 + -5 + 3 + (-2 - -2).
4
What is the value of -4 - -14 - (-1 + 7)?
4
(4 + -4 - 8 - -4) + 8
4
What is -9 + 1 - (0 + -5)?
-3
Calculate 3 + 1 - 4 - -4.
4
7 + -2 + (-11 - -3)
-3
What is 0 - (-10 - (-1 - (5 + -1)))?
5
Evaluate 4 + 3 + -5 + 2.
4
Calculate 3 - (6 - (-2 - -4)).
-1
What is the value of -13 + 11 + (-5 - -4) + -5?
-8
What is the value of -5 + -10 + 9 + -1?
-7
Evaluate -2 + -1 + (-7 - -12).
2
(42 - 41) + (-2 - 0) + 6
5
What is the value of 24 - 9 - 11 - (-1 - -3)?
2
Evaluate 1 + -6 + 1 + 1 - -1.
-2
What is the value of 6 + (4 - 8) - -6?
8
Evaluate 0 + -1 + (1 - 3) + 12.
9
(-4 - 1) + 7 - 7
-5
Calculate -9 - -11 - ((0 - 2) + 1).
3
What is -4 + 6 + 8 + -6 + -4?
0
What is the value of (-22 - -20 - (-1 - -3)) + 11?
7
-1 + 11 - (35 + -24)
-1
Evaluate (3 - (3 + -1)) + (8 - 4).
5
Evaluate 3 - (-1 + 6) - (-8 + 2).
4
-4 - -2 - (6 - 7)
-1
What is the value of -6 - -6 - -2 - -3?
5
Calculate -9 + 11 - 4 - (0 - 11).
9
-2 - -1 - (0 + 3 - 3)
-1
Calculate 11 - (11 - 10 - -5).
5
What is -3 - (-6 - -6) - 4?
-7
Evaluate 1 + -3 - -1 - -6.
5
-8 - -5 - (-2 + 0)
-1
0 + -1 + 0 - (-20 - -21)
-2
Evaluate (-3 - (-2 - -4)) + 2.
-3
What is the value of -5 + 11 + (-7 - -1)?
0
Evaluate -1 + (-4 - -1 - -2) + 2.
0
What is 10 - 8 